{"id":660,"date":"2025-12-05T13:58:57","date_gmt":"2025-12-05T16:58:57","guid":{"rendered":"https:\/\/noticiasmontehermoso.com.ar\/alquileres\/?post_type=at_biz_dir&#038;p=660"},"modified":"2025-12-05T14:11:07","modified_gmt":"2025-12-05T17:11:07","slug":"departamento-para-6-personas-en-barrio-las-dunas","status":"publish","type":"at_biz_dir","link":"https:\/\/noticiasmontehermoso.com.ar\/alquileres\/alquileres\/departamento-para-6-personas-en-barrio-las-dunas\/","title":{"rendered":"Departamento para 6 personas en Barrio Las Dunas"},"content":{"rendered":"<p>Departamento para 6 hu\u00e9spedes, s\u00faper c\u00f3modo.<br \/>\nA 1 cuadra de la playa y 20 cuadras del centro<\/p>\n<p>* Cocina Equipada:<br \/>\n* Vajilla Completa<br \/>\n* Microondas<br \/>\n* Pava el\u00e9ctrica<br \/>\n* Heladera con Frezzer<br \/>\n* 1 Dormitorio con cama matrimonial (capacidad 2 personas)<br \/>\n* 1 dormitorio con 2 cuchetas (capacidad 4 personas).<br \/>\n* Caloventor y ventilador en cada habitaci\u00f3n.<br \/>\n* Lavarropas autom\u00e1tico.<br \/>\n* SMART ANDROID TV Comedor y en habitaci\u00f3n matrimonial<br \/>\n* BA\u00d1O completo<br \/>\n* Parrilla<br \/>\n* Internet\/cable.<br \/>\n* Estacionamiento delante del departamento.<br \/>\n* Sin ropa blanca.<\/p>\n","protected":false},"author":1,"comment_status":"closed","ping_status":"closed","template":"","atbdp_listing_types":[38],"at_biz_dir-category":[26],"at_biz_dir-location":[18],"at_biz_dir-tags":[21,22,19,36],"class_list":["post-660","at_biz_dir","type-at_biz_dir","status-publish","has-post-thumbnail","hentry","atbdp_listing_types-general","at_biz_dir-category-departamentos","at_biz_dir-location-monte-hermoso","at_biz_dir-tags-entrada-de-auto","at_biz_dir-tags-microondas","at_biz_dir-tags-parrilla","at_biz_dir-tags-tv","description-off"],"yoast_head":"<!-- This site is optimized with the Yoast SEO Premium plugin v26.5 (Yoast SEO v26.5) - https:\/\/yoast.com\/wordpress\/plugins\/seo\/ -->\n<title>Departamento para 6 personas en Barrio Las Dunas - Alquileres temporarios en Monte Hermoso<\/title>\n<meta name=\"robots\" content=\"index, follow, max-snippet:-1, max-image-preview:large, max-video-preview:-1\" \/>\n<link rel=\"canonical\" href=\"https:\/\/noticiasmontehermoso.com.ar\/alquileres\/alquileres\/departamento-para-6-personas-en-barrio-las-dunas\/\" \/>\n<meta property=\"og:locale\" content=\"es_ES\" \/>\n<meta property=\"og:type\" content=\"article\" \/>\n<meta property=\"og:title\" content=\"Departamento para 6 personas en Barrio Las Dunas\" \/>\n<meta property=\"og:description\" content=\"Departamento para 6 hu\u00e9spedes, s\u00faper c\u00f3modo. A 1 cuadra de la playa y 20 cuadras del centro * Cocina Equipada: * Vajilla Completa * Microondas * Pava el\u00e9ctrica * Heladera con Frezzer * 1 Dormitorio con cama matrimonial (capacidad 2 personas) * 1 dormitorio con 2 cuchetas (capacidad 4 personas). * Caloventor y ventilador en&hellip;\" \/>\n<meta property=\"og:url\" content=\"https:\/\/noticiasmontehermoso.com.ar\/alquileres\/alquileres\/departamento-para-6-personas-en-barrio-las-dunas\/\" \/>\n<meta property=\"og:site_name\" content=\"Alquileres temporarios en Monte Hermoso\" \/>\n<meta property=\"article:modified_time\" content=\"2025-12-05T17:11:07+00:00\" \/>\n<meta property=\"og:image\" content=\"https:\/\/noticiasmontehermoso.com.ar\/alquileres\/wp-content\/uploads\/2025\/12\/1-2.jpg\" \/>\n\t<meta property=\"og:image:width\" content=\"900\" \/>\n\t<meta property=\"og:image:height\" content=\"900\" \/>\n\t<meta property=\"og:image:type\" content=\"image\/jpeg\" \/>\n<meta name=\"twitter:card\" content=\"summary_large_image\" \/>\n<script type=\"application\/ld+json\" class=\"yoast-schema-graph\">{\"@context\":\"https:\/\/schema.org\",\"@graph\":[{\"@type\":\"WebPage\",\"@id\":\"https:\/\/noticiasmontehermoso.com.ar\/alquileres\/alquileres\/departamento-para-6-personas-en-barrio-las-dunas\/\",\"url\":\"https:\/\/noticiasmontehermoso.com.ar\/alquileres\/alquileres\/departamento-para-6-personas-en-barrio-las-dunas\/\",\"name\":\"Departamento para 6 personas en Barrio Las Dunas - Alquileres temporarios en Monte Hermoso\",\"isPartOf\":{\"@id\":\"https:\/\/noticiasmontehermoso.com.ar\/alquileres\/#website\"},\"primaryImageOfPage\":{\"@id\":\"https:\/\/noticiasmontehermoso.com.ar\/alquileres\/alquileres\/departamento-para-6-personas-en-barrio-las-dunas\/#primaryimage\"},\"image\":{\"@id\":\"https:\/\/noticiasmontehermoso.com.ar\/alquileres\/alquileres\/departamento-para-6-personas-en-barrio-las-dunas\/#primaryimage\"},\"thumbnailUrl\":\"https:\/\/noticiasmontehermoso.com.ar\/alquileres\/wp-content\/uploads\/2025\/12\/1-2.jpg\",\"datePublished\":\"2025-12-05T16:58:57+00:00\",\"dateModified\":\"2025-12-05T17:11:07+00:00\",\"breadcrumb\":{\"@id\":\"https:\/\/noticiasmontehermoso.com.ar\/alquileres\/alquileres\/departamento-para-6-personas-en-barrio-las-dunas\/#breadcrumb\"},\"inLanguage\":\"es\",\"potentialAction\":[{\"@type\":\"ReadAction\",\"target\":[\"https:\/\/noticiasmontehermoso.com.ar\/alquileres\/alquileres\/departamento-para-6-personas-en-barrio-las-dunas\/\"]}]},{\"@type\":\"ImageObject\",\"inLanguage\":\"es\",\"@id\":\"https:\/\/noticiasmontehermoso.com.ar\/alquileres\/alquileres\/departamento-para-6-personas-en-barrio-las-dunas\/#primaryimage\",\"url\":\"https:\/\/noticiasmontehermoso.com.ar\/alquileres\/wp-content\/uploads\/2025\/12\/1-2.jpg\",\"contentUrl\":\"https:\/\/noticiasmontehermoso.com.ar\/alquileres\/wp-content\/uploads\/2025\/12\/1-2.jpg\",\"width\":900,\"height\":900,\"caption\":\"Departamento en alquiler en Las Dunas\"},{\"@type\":\"BreadcrumbList\",\"@id\":\"https:\/\/noticiasmontehermoso.com.ar\/alquileres\/alquileres\/departamento-para-6-personas-en-barrio-las-dunas\/#breadcrumb\",\"itemListElement\":[{\"@type\":\"ListItem\",\"position\":1,\"name\":\"Portada\",\"item\":\"https:\/\/noticiasmontehermoso.com.ar\/alquileres\/\"},{\"@type\":\"ListItem\",\"position\":2,\"name\":\"Departamento para 6 personas en Barrio Las Dunas\"}]},{\"@type\":\"WebSite\",\"@id\":\"https:\/\/noticiasmontehermoso.com.ar\/alquileres\/#website\",\"url\":\"https:\/\/noticiasmontehermoso.com.ar\/alquileres\/\",\"name\":\"Alquileres temporarios en Monte Hermoso\",\"description\":\"Propiedades recomendables y propietarios de confianza\",\"potentialAction\":[{\"@type\":\"SearchAction\",\"target\":{\"@type\":\"EntryPoint\",\"urlTemplate\":\"https:\/\/noticiasmontehermoso.com.ar\/alquileres\/?s={search_term_string}\"},\"query-input\":{\"@type\":\"PropertyValueSpecification\",\"valueRequired\":true,\"valueName\":\"search_term_string\"}}],\"inLanguage\":\"es\"}]}<\/script>\n<!-- \/ Yoast SEO Premium plugin. -->","yoast_head_json":{"title":"Departamento para 6 personas en Barrio Las Dunas - Alquileres temporarios en Monte Hermoso","robots":{"index":"index","follow":"follow","max-snippet":"max-snippet:-1","max-image-preview":"max-image-preview:large","max-video-preview":"max-video-preview:-1"},"canonical":"https:\/\/noticiasmontehermoso.com.ar\/alquileres\/alquileres\/departamento-para-6-personas-en-barrio-las-dunas\/","og_locale":"es_ES","og_type":"article","og_title":"Departamento para 6 personas en Barrio Las Dunas","og_description":"Departamento para 6 hu\u00e9spedes, s\u00faper c\u00f3modo. A 1 cuadra de la playa y 20 cuadras del centro * Cocina Equipada: * Vajilla Completa * Microondas * Pava el\u00e9ctrica * Heladera con Frezzer * 1 Dormitorio con cama matrimonial (capacidad 2 personas) * 1 dormitorio con 2 cuchetas (capacidad 4 personas). * Caloventor y ventilador en&hellip;","og_url":"https:\/\/noticiasmontehermoso.com.ar\/alquileres\/alquileres\/departamento-para-6-personas-en-barrio-las-dunas\/","og_site_name":"Alquileres temporarios en Monte Hermoso","article_modified_time":"2025-12-05T17:11:07+00:00","og_image":[{"width":900,"height":900,"url":"https:\/\/noticiasmontehermoso.com.ar\/alquileres\/wp-content\/uploads\/2025\/12\/1-2.jpg","type":"image\/jpeg"}],"twitter_card":"summary_large_image","schema":{"@context":"https:\/\/schema.org","@graph":[{"@type":"WebPage","@id":"https:\/\/noticiasmontehermoso.com.ar\/alquileres\/alquileres\/departamento-para-6-personas-en-barrio-las-dunas\/","url":"https:\/\/noticiasmontehermoso.com.ar\/alquileres\/alquileres\/departamento-para-6-personas-en-barrio-las-dunas\/","name":"Departamento para 6 personas en Barrio Las Dunas - Alquileres temporarios en Monte Hermoso","isPartOf":{"@id":"https:\/\/noticiasmontehermoso.com.ar\/alquileres\/#website"},"primaryImageOfPage":{"@id":"https:\/\/noticiasmontehermoso.com.ar\/alquileres\/alquileres\/departamento-para-6-personas-en-barrio-las-dunas\/#primaryimage"},"image":{"@id":"https:\/\/noticiasmontehermoso.com.ar\/alquileres\/alquileres\/departamento-para-6-personas-en-barrio-las-dunas\/#primaryimage"},"thumbnailUrl":"https:\/\/noticiasmontehermoso.com.ar\/alquileres\/wp-content\/uploads\/2025\/12\/1-2.jpg","datePublished":"2025-12-05T16:58:57+00:00","dateModified":"2025-12-05T17:11:07+00:00","breadcrumb":{"@id":"https:\/\/noticiasmontehermoso.com.ar\/alquileres\/alquileres\/departamento-para-6-personas-en-barrio-las-dunas\/#breadcrumb"},"inLanguage":"es","potentialAction":[{"@type":"ReadAction","target":["https:\/\/noticiasmontehermoso.com.ar\/alquileres\/alquileres\/departamento-para-6-personas-en-barrio-las-dunas\/"]}]},{"@type":"ImageObject","inLanguage":"es","@id":"https:\/\/noticiasmontehermoso.com.ar\/alquileres\/alquileres\/departamento-para-6-personas-en-barrio-las-dunas\/#primaryimage","url":"https:\/\/noticiasmontehermoso.com.ar\/alquileres\/wp-content\/uploads\/2025\/12\/1-2.jpg","contentUrl":"https:\/\/noticiasmontehermoso.com.ar\/alquileres\/wp-content\/uploads\/2025\/12\/1-2.jpg","width":900,"height":900,"caption":"Departamento en alquiler en Las Dunas"},{"@type":"BreadcrumbList","@id":"https:\/\/noticiasmontehermoso.com.ar\/alquileres\/alquileres\/departamento-para-6-personas-en-barrio-las-dunas\/#breadcrumb","itemListElement":[{"@type":"ListItem","position":1,"name":"Portada","item":"https:\/\/noticiasmontehermoso.com.ar\/alquileres\/"},{"@type":"ListItem","position":2,"name":"Departamento para 6 personas en Barrio Las Dunas"}]},{"@type":"WebSite","@id":"https:\/\/noticiasmontehermoso.com.ar\/alquileres\/#website","url":"https:\/\/noticiasmontehermoso.com.ar\/alquileres\/","name":"Alquileres temporarios en Monte Hermoso","description":"Propiedades recomendables y propietarios de confianza","potentialAction":[{"@type":"SearchAction","target":{"@type":"EntryPoint","urlTemplate":"https:\/\/noticiasmontehermoso.com.ar\/alquileres\/?s={search_term_string}"},"query-input":{"@type":"PropertyValueSpecification","valueRequired":true,"valueName":"search_term_string"}}],"inLanguage":"es"}]}},"_links":{"self":[{"href":"https:\/\/noticiasmontehermoso.com.ar\/alquileres\/wp-json\/wp\/v2\/at_biz_dir\/660","targetHints":{"allow":["GET"]}}],"collection":[{"href":"https:\/\/noticiasmontehermoso.com.ar\/alquileres\/wp-json\/wp\/v2\/at_biz_dir"}],"about":[{"href":"https:\/\/noticiasmontehermoso.com.ar\/alquileres\/wp-json\/wp\/v2\/types\/at_biz_dir"}],"author":[{"embeddable":true,"href":"https:\/\/noticiasmontehermoso.com.ar\/alquileres\/wp-json\/wp\/v2\/users\/1"}],"replies":[{"embeddable":true,"href":"https:\/\/noticiasmontehermoso.com.ar\/alquileres\/wp-json\/wp\/v2\/comments?post=660"}],"wp:featuredmedia":[{"embeddable":true,"href":"https:\/\/noticiasmontehermoso.com.ar\/alquileres\/wp-json\/wp\/v2\/media\/661"}],"wp:attachment":[{"href":"https:\/\/noticiasmontehermoso.com.ar\/alquileres\/wp-json\/wp\/v2\/media?parent=660"}],"wp:term":[{"taxonomy":"atbdp_listing_types","embeddable":true,"href":"https:\/\/noticiasmontehermoso.com.ar\/alquileres\/wp-json\/wp\/v2\/atbdp_listing_types?post=660"},{"taxonomy":"at_biz_dir-category","embeddable":true,"href":"https:\/\/noticiasmontehermoso.com.ar\/alquileres\/wp-json\/wp\/v2\/at_biz_dir-category?post=660"},{"taxonomy":"at_biz_dir-location","embeddable":true,"href":"https:\/\/noticiasmontehermoso.com.ar\/alquileres\/wp-json\/wp\/v2\/at_biz_dir-location?post=660"},{"taxonomy":"at_biz_dir-tags","embeddable":true,"href":"https:\/\/noticiasmontehermoso.com.ar\/alquileres\/wp-json\/wp\/v2\/at_biz_dir-tags?post=660"}],"curies":[{"name":"wp","href":"https:\/\/api.w.org\/{rel}","templated":true}]}}

<p>Departamento para 6 huéspedes, súper cómodo.<br />
A 1 cuadra de la playa y 20 cuadras del centro</p>
<p>* Cocina Equipada:<br />
* Vajilla Completa<br />
* Microondas<br />
* Pava eléctrica<br />
* Heladera con Frezzer<br />
* 1 Dormitorio con cama matrimonial (capacidad 2 personas)<br />
* 1 dormitorio con 2 cuchetas (capacidad 4 personas).<br />
* Caloventor y ventilador en cada habitación.<br />
* Lavarropas automático.<br />
* SMART ANDROID TV Comedor y en habitación matrimonial<br />
* BAÑO completo<br />
* Parrilla<br />
* Internet/cable.<br />
* Estacionamiento delante del departamento.<br />
* Sin ropa blanca.</p>

<!-- This site is optimized with the Yoast SEO Premium plugin v26.5 (Yoast SEO v26.5) - https://yoast.com/wordpress/plugins/seo/ -->
<title>Departamento para 6 personas en Barrio Las Dunas - Alquileres temporarios en Monte Hermoso</title>
<meta name="robots" content="index, follow, max-snippet:-1, max-image-preview:large, max-video-preview:-1" />
<link rel="canonical" href="https://noticiasmontehermoso.com.ar/alquileres/alquileres/departamento-para-6-personas-en-barrio-las-dunas/" />
<meta property="og:locale" content="es_ES" />
<meta property="og:type" content="article" />
<meta property="og:title" content="Departamento para 6 personas en Barrio Las Dunas" />
<meta property="og:description" content="Departamento para 6 huéspedes, súper cómodo. A 1 cuadra de la playa y 20 cuadras del centro * Cocina Equipada: * Vajilla Completa * Microondas * Pava eléctrica * Heladera con Frezzer * 1 Dormitorio con cama matrimonial (capacidad 2 personas) * 1 dormitorio con 2 cuchetas (capacidad 4 personas). * Caloventor y ventilador en&hellip;" />
<meta property="og:url" content="https://noticiasmontehermoso.com.ar/alquileres/alquileres/departamento-para-6-personas-en-barrio-las-dunas/" />
<meta property="og:site_name" content="Alquileres temporarios en Monte Hermoso" />
<meta property="article:modified_time" content="2025-12-05T17:11:07+00:00" />
<meta property="og:image" content="https://noticiasmontehermoso.com.ar/alquileres/wp-content/uploads/2025/12/1-2.jpg" />
	<meta property="og:image:width" content="900" />
	<meta property="og:image:height" content="900" />
	<meta property="og:image:type" content="image/jpeg" />
<meta name="twitter:card" content="summary_large_image" />
<script type="application/ld+json" class="yoast-schema-graph">{"@context":"https://schema.org","@graph":[{"@type":"WebPage","@id":"https://noticiasmontehermoso.com.ar/alquileres/alquileres/departamento-para-6-personas-en-barrio-las-dunas/","url":"https://noticiasmontehermoso.com.ar/alquileres/alquileres/departamento-para-6-personas-en-barrio-las-dunas/","name":"Departamento para 6 personas en Barrio Las Dunas - Alquileres temporarios en Monte Hermoso","isPartOf":{"@id":"https://noticiasmontehermoso.com.ar/alquileres/#website"},"primaryImageOfPage":{"@id":"https://noticiasmontehermoso.com.ar/alquileres/alquileres/departamento-para-6-personas-en-barrio-las-dunas/#primaryimage"},"image":{"@id":"https://noticiasmontehermoso.com.ar/alquileres/alquileres/departamento-para-6-personas-en-barrio-las-dunas/#primaryimage"},"thumbnailUrl":"https://noticiasmontehermoso.com.ar/alquileres/wp-content/uploads/2025/12/1-2.jpg","datePublished":"2025-12-05T16:58:57+00:00","dateModified":"2025-12-05T17:11:07+00:00","breadcrumb":{"@id":"https://noticiasmontehermoso.com.ar/alquileres/alquileres/departamento-para-6-personas-en-barrio-las-dunas/#breadcrumb"},"inLanguage":"es","potentialAction":[{"@type":"ReadAction","target":["https://noticiasmontehermoso.com.ar/alquileres/alquileres/departamento-para-6-personas-en-barrio-las-dunas/"]}]},{"@type":"ImageObject","inLanguage":"es","@id":"https://noticiasmontehermoso.com.ar/alquileres/alquileres/departamento-para-6-personas-en-barrio-las-dunas/#primaryimage","url":"https://noticiasmontehermoso.com.ar/alquileres/wp-content/uploads/2025/12/1-2.jpg","contentUrl":"https://noticiasmontehermoso.com.ar/alquileres/wp-content/uploads/2025/12/1-2.jpg","width":900,"height":900,"caption":"Departamento en alquiler en Las Dunas"},{"@type":"BreadcrumbList","@id":"https://noticiasmontehermoso.com.ar/alquileres/alquileres/departamento-para-6-personas-en-barrio-las-dunas/#breadcrumb","itemListElement":[{"@type":"ListItem","position":1,"name":"Portada","item":"https://noticiasmontehermoso.com.ar/alquileres/"},{"@type":"ListItem","position":2,"name":"Departamento para 6 personas en Barrio Las Dunas"}]},{"@type":"WebSite","@id":"https://noticiasmontehermoso.com.ar/alquileres/#website","url":"https://noticiasmontehermoso.com.ar/alquileres/","name":"Alquileres temporarios en Monte Hermoso","description":"Propiedades recomendables y propietarios de confianza","potentialAction":[{"@type":"SearchAction","target":{"@type":"EntryPoint","urlTemplate":"https://noticiasmontehermoso.com.ar/alquileres/?s={search_term_string}"},"query-input":{"@type":"PropertyValueSpecification","valueRequired":true,"valueName":"search_term_string"}}],"inLanguage":"es"}]}</script>
<!-- / Yoast SEO Premium plugin. -->

Departamento para 6 huéspedes, súper cómodo. A 1 cuadra de la playa y 20 cuadras del centro * Cocina Equipada: * Vajilla Completa * Microondas * Pava eléctrica * Heladera con Frezzer * 1 Dormitorio con cama matrimonial (capacidad 2 personas) * 1 dormitorio con 2 cuchetas (capacidad 4 personas). * Caloventor y ventilador en&hellip;
